factors of (32/2)/(4/34).
2, 17
Let g(i) = -4*i + 2. What are the prime factors of g(-2)?
2, 5
Let b = -2 - -5. Let d(f) = 3 - b + f - 11*f**3 + f**2. List the prime factors of d(-1).
11
Let a(n) = n**2 + n - 3. Suppose -q = -4*q - 9. List the prime factors of a(q).
3
Suppose -2*x - y = -18, 0*y + 3*y = -5*x + 47. What are the prime factors of x?
7
Let a = -5 - 4. List the prime factors of (42/(-9))/(3/a).
2, 7
Let b = -56 + 36. Let a = b - -35. List the prime factors of a.
3, 5
Suppose -2*w - 7*a = -2*a - 37, 4*w - 4*a = 60. What are the prime factors of w?
2
Let f = -12 + 10. Let i(t) = 3*t**2 + 2*t. What are the prime factors of i(f)?
2
Let n(v) = 7*v + 1. Let f be n(2). Suppose 0 = 4*b - 9 - f. List the prime factors of b.
2, 3
Let t(o) be the first derivative of -2*o**3/3 - 7*o**2/2 + 6*o - 2. Let y be t(-7). Let p = -28 - y. What are the prime factors of p?
3, 5
Let j = 33 - -55. List the prime factors of j.
2, 11
Let p(q) = q**2 + 5*q - 43. What are the prime factors of p(-17)?
7, 23
Suppose 6*b + 69 + 555 = 0. Let k = -58 - b. What are the prime factors of k?
2, 23
Suppose 0 = -4*j + 2*w + 50, 3*w + 42 = 5*j - 21. Let b = j + -9. What are the prime factors of b?
3
Let h = 4 - -1. Suppose -y + h + 4 = 0. List the prime factors of y.
3
Let a(b) = -b**2 + 7*b - 1. Let t(x) = 2*x**2 - 2. Let m be t(-2). Let h be a(m). Suppose -i - 4*y = 11, 3*i - 3*y + h*y = 17. List the prime factors of i.
3
Let o(p) be the first derivative of 2*p**3/3 - 4*p + 2. Let q be o(4). Suppose -22 = -2*c + d, 8 + q = 3*c - 3*d. List the prime factors of c.
2, 5
Let x = -27 + 60. What are the prime factors of x?
3, 11
Let b(m) = -2*m**2 - 2*m - 2. Let o(z) = z**3 - 4*z**2 - z + 1. Let a be o(4). Let r be b(a). Let v = r - -26. What are the prime factors of v?
2, 3
Suppose 3*q - 16 = -q. Suppose -q*m + 11 + 45 = 0. What are the prime factors of m?
2, 7
Suppose 9*s + 4*h = 4*s + 56, 4 = h. What are the prime factors of s?
2
Let j(g) = -6*g**3 + 3*g**2 - 2*g + 5. Let y be j(-3). Let s = -141 + y. What are the prime factors of s?
59
Let h = 99 + 6. Suppose h = -s + 6*s. What are the prime factors of s?
3, 7
Let n(f) = 20*f**2 + 16*f - 17. Let i(x) = -7*x**2 - 5*x + 6. Let p(h) = 8*i(h) + 3*n(h). What are the prime factors of p(-4)?
29
Let a = -28 + 46. What are the prime factors of a?
2, 3
Suppose 0 = -3*d + 3 + 51. List the prime factors of d.
2, 3
Suppose 3*w = 5*w. Suppose w = 2*s - 31 - 1. List the prime factors of s.
2
Let b(w) = -w**2 + 29. Let h be b(0). Let j = 64 - h. What are the prime factors of j?
5, 7
Let p be (-4)/(-3)*(1 - 4). Let g(w) be the third derivative of w**5/30 + 7*w**4/24 + 5*w**3/6 - 7*w**2. List the prime factors of g(p).
3
Let j = -10 + 22. Suppose 5*q = -5*r - 0*r + 20, 5*q + r - 24 = 0. Let l = j - q. What are the prime factors of l?
7
Suppose -2*h = -t - 3, -2*t = -h - 7*t + 18. Suppose 0 = -j + 7 + h. List the prime factors of j.
2, 5
Let j(w) = w**3 + 7*w**2 + 3*w - 1. Let o be j(-6). Suppose -4*x + 5*m + 33 = 0, -5*x + 4*m = -6*x + 3. Suppose x = -d + o. List the prime factors of d.
2, 5
Let u = 11 - -58. List the prime factors of u.
3, 23
Suppose -v + 2*v - 50 = 0. List the prime factors of v.
2, 5
Let u(k) = 4*k**2 + 3*k - 2. Let d be u(2). Suppose -4*i + d = w, -w + 124 = 3*w + 5*i. List the prime factors of w.
2, 3
Let x(u) = u**3 + u**2 - u + 13. Let y(f) = -3*f - 3. Let k be y(-2). Suppose 5*a - 15 = -3*c, -4*c - k = -2*a + 3. What are the prime factors of x(c)?
13
Suppose 2*x = -3*h + 2*h + 144, -x = -2*h + 273. What are the prime factors of h?
2, 3, 23
Suppose 4*w - 201 = -3*n, -3*n = 4*w - w - 153. What are the prime factors of w?
2, 3
Suppose -4*w = -w - 12. Suppose -w*t + 3*o = -25, 3*t - o = -5*o + 50. List the prime factors of t.
2, 5
Let l(u) = -u**2 + u + 6. Let t be l(0). Let w = 3 - t. Let x = 4 - w. What are the prime factors of x?
7
Let z be (-2)/3*(-12)/(-8). Let n be 2*z/2*-31. Let m = -20 + n. What are the prime factors of m?
11
Let p(f) = -f**2 + 4. Let g be p(0). Let o be (33/6)/(2/g). Let s = 20 - o. What are the prime factors of s?
3
Let x(p) = -3*p + 6. What are the prime factors of x(-8)?
2, 3, 5
Let d(q) = q**2 + 7*q + 3. Suppose 1 = -4*x - 27. List the prime factors of d(x).
3
Let a(h) = h**2 - h. Let w be a(0). Let g = w + 4. List the prime factors of g.
2
Let n = 47 + -30. Let p = 28 - n. What are the prime factors of p?
11
Suppose -11*l - 720 = -16*l. List the prime factors of l.
2, 3
Suppose 4*b = -3*v + 2*b + 24, -v + b = -8. Let a = -3 + 8. Let k = a + v. What are the prime factors of k?
13
List the prime factors of (-16)/(-64) + -2 + (-566)/(-8).
3, 23
Suppose y - 3*c + 138 = 4*y, -4*c - 16 = 0. List the prime factors of y.
2, 5
Let s = -142 + 354. List the prime factors of s.
2, 53
Let w = -24 + 12. What are the prime factors of (-30)/w*(-16)/(-10)?
2
Let s(q) = 2*q**3 + 3*q**2. What are the prime factors of s(3)?
3
Let x be (-4)/(-22) + 1035/55. Suppose 0 = 2*b - x - 29. List the prime factors of b.
2, 3
What are the prime factors of (-3)/(-2 - (-159)/81)?
3
Suppose 3*y - 85 + 31 = 0. Let x = y - 6. List the prime factors of x.
2, 3
Let w(q) be the third derivative of -q**4/24 + 3*q**3 - q**2. What are the prime factors of w(8)?
2, 5
What are the prime factors of (0 + -4 + 3)/(-1) + 254?
3, 5, 17
What are the prime factors of (-135)/30*100/(-6)?
3, 5
Let z = -31 + 62. List the prime factors of z.
31
Let s(j) = j - 1. Let c be s(5). Suppose c*a = 16, -3*x + x - 3*a = -24. What are the prime factors of x?
2, 3
Let x be -1 - 3*20/(-12). Suppose 39 = x*r - 33. List the prime factors of r.
2, 3
Suppose 2*s - 4*s = -8. Let k(c) = c**2 - 5*c + 7. Let h be k(6). Suppose -b + s*b = -3*n + 3, -n + h = -5*b. What are the prime factors of n?
3
Let m be (-2 - -6)*3/(-6). What are the prime factors of (m - -1)/(1/(-12))?
2, 3
Let u(s) = s**3 + 2*s**2 - 23*s + 12. List the prime factors of u(7).
2, 73
Suppose 0*d = -2*d + 82. List the prime factors of d.
41
Suppose 3*o = -2*o + 25. Suppose -t - o = -15. List the prime factors of t.
2, 5
Let o be (-2)/6*-3*-107. Let m = -75 - o. Suppose 12 = 4*v - m. What are the prime factors of v?
11
Let p(t) = 2*t - 6. Let n be p(4). Suppose n*m - 5*k = -6, -2*m - k = -3*k. Let d = m + 0. List the prime factors of d.
2
Suppose -4*g - 120 = -4*x - 2*g, 3*g = 0. List the prime factors of x + 5 + (2 - 5).
2
Suppose -4*z + 3*o = -51, z + 7*o - 3*o = -11. What are the prime factors of z?
3
Let v = 136 - 63. List the prime factors of v.
73
Suppose 2*u + 3*x - 9 = 0, -3*u + 2*x = 5*x - 15. Let j = u - -4. List the prime factors of j.
2, 5
Suppose 659 = 12*u + 95. List the prime factors of u.
47
Suppose 3*d = 2*d + 7. Let q = 11 - d. What are the prime factors of q?
2
Let a(d) = 4*d. Let s = -1 + 5. Suppose 2*j = 2*x + 4, 0*x = -3*x - s*j + 22. What are the prime factors of a(x)?
2
Let d(v) = 3*v + 9. Let y(u) = -2*u - 6. Let w(m) = -5*d(m) - 8*y(m). List the prime factors of w(7).
2, 5
Let f(a) = 10*a + 1. Let b(c) = c**2 + c - 2. Let p be b(0). Let k be f(p). Let m = -8 - k. What are the prime factors of m?
11
Suppose 4*g = 5*g - 12. List the prime factors of g.
2, 3
Suppose -b = 2*b + 6. Let f(j) = 3*j**2 - j. Let k be f(-1). What are the prime factors of 6 - b/(-4)*k?
2
Let y(n) = -n**3 - 5*n**2 - 3*n + 5. Let s be y(-4). Let v = 2 - s. List the prime factors of 4 - 3 - (v - 9).
3
Let t(o) = o**3 + 8*o**2 - 14. List the prime factors of t(-7).
5, 7
Suppose -a - 2*a = -2*b + 18, -2*a - 14 = -2*b. Let m be b*-2*(0 + 1). Let v(r) = -r**2 - 9*r - 7. What are the prime factors of v(m)?
11
Suppose -4*m + 5*m - 3 = 0. Let w = m - 6. Let h(o) = -7*o. List the prime factors of h(w).
3, 7
Let r = -60 + 33. Let i = r - -39. List the prime factors of i.
2, 3
Suppose 2*l + 3*l - 100 = 0. Let x = l + -28. What are the prime factors of -1*(-3 - (2 - x))?
13
Suppose -51 = -s - s - 3*a, 4*s - 5*a = 47. List the prime factors of s.
2, 3
Let s be 4/(-32) - (-1)/8. Suppose s = 3*n + 4*c - 83, -5*n - 19 = 3*c - 161. What are the prime factors of n?
29
Let k(v) = -v - 2. Suppose f + 0 = -4*h + 2, 4*h + 22 = -5*f. Let o(a) = -2*a - 3. Let b(y) = f*o(y) + 11*k(y). What are the prime factors of b(7)?
3
Suppose -6*j - 180 = -j. Let y = 52 + j. What are the prime factors of y?
2
Let r(c) = -3*c**3 - 2